test common factor of f and 6.
3
Let v(k) = k**2 - 13*k - 23. Let g be v(17). Calculate the greatest common factor of 9 and g.
9
Suppose -x + 3 + 6 = u, 0 = -x + 3*u + 25. Calculate the highest common factor of x and 52.
13
Let q = 0 + 2. Suppose -h - 5*d - 6 = 0, 12 = 3*h + d + 2. Suppose h*l = -2 + 6. What is the highest common divisor of q and l?
1
Let g(p) = -p**3 + 10*p**2 - 19*p - 3. Let o be g(6). What is the highest common divisor of o and 189?
27
Suppose b + 2*n = 115, 2*b - 3*n = 4*b - 225. Let c = 14 + -10. Suppose -5*f - 2*z + 72 = -z, -c*z + 3 = f. Calculate the greatest common factor of f and b.
15
Let f(m) = -4*m**3 - m**2 - 4*m + 7. Let u(z) = z**3 + z - 2. Let a(w) = 2*f(w) + 7*u(w). Let x be a(-3). What is the highest common factor of 6 and x?
6
Suppose 4*h + 1 = 49. Calculate the greatest common factor of h and 30.
6
Suppose -5*p = -46 - 9. Let q(s) = -88*s**3 + s**2 - 1. Let k be q(-1). What is the highest common factor of k and p?
11
Suppose 2 = 4*t - 70. Calculate the highest common divisor of t and 3.
3
Suppose 40 = 4*k + 4*l, -6*l = -4*k - l + 4. Suppose q - 1 = 2*b, -2*b + 2 = 3*b - q. Let i be (12*2)/(2 - b). Calculate the greatest common divisor of k and i.
6
Suppose -3*q + 4*l = -0*l - 37, -4*q - l = -24. Let z = -3 + q. Calculate the highest common factor of z and 28.
4
Suppose 4 = -i + 16. Calculate the highest common factor of 3 and i.
3
Let q = 15 - 5. Let b = 9 + -10. Let k(i) = -110*i**3 + i**2 + 2*i + 1. Let w be k(b). Calculate the highest common factor of q and w.
10
Suppose -3*q = -q - 60. Suppose 0 = 4*l - 5*m - 45, 5*l + 4 = 2*m + 39. Calculate the greatest common factor of l and q.
5
Let f be 3/(-1 - (-15)/6). Suppose -c + 732 = c. Suppose -3*g - 144 = -2*z - f*g, -5*z + 4*g = -c. Calculate the greatest common divisor of z and 28.
14
Let t be ((-4)/(-12))/((-1)/(-18)). Suppose 0 = -r + 2*h - t*h + 14, -5*r = -3*h - 93. Calculate the greatest common factor of r and 2.
2
Suppose -4*l + 117 = -63. Calculate the greatest common divisor of 5 and l.
5
Let m be (-1 + 17/4)*20 - 0. Let u = -5 - -2. Let v be u/(9/26)*-3. Calculate the greatest common divisor of m and v.
13
Let s = 6 + -7. Let y be -3 - s/((-3)/(-177)). What is the greatest common divisor of y and 8?
8
Let n be 33/5 - (-20)/50. What is the highest common factor of 1 and n?
1
Let p(o) = 4*o**2 + 4*o + 6. Let r be p(-3). Calculate the highest common divisor of r and 240.
30
Let d be 24*(-1)/((-8)/10). What is the greatest common divisor of 150 and d?
30
Suppose -23 = -d - 0*d + 5*k, -5*k = 5. What is the highest common factor of 27 and d?
9
Suppose -2*c + 5*x + 127 = 39, 5*c - 220 = x. What is the greatest common divisor of 4 and c?
4
Let x = -9 + 26. Suppose 205 = 2*q + 3*q. Suppose -4*n = -3*m - q - 24, -4*n - 3*m + 71 = 0. Calculate the highest common factor of x and n.
17
Let f(t) = -t**3 - 14*t**2 - 19*t + 2. Let d be f(-13). What is the highest common factor of 16 and d?
16
Suppose 0 = 2*o - 0*o - 102. Let p be 1*o + (-3 - -4). What is the highest common factor of 13 and p?
13
Let q be (-5)/((-5)/4) + 7. Calculate the highest common factor of q and 88.
11
Suppose 0 = 2*k - 6*k + 240. Calculate the greatest common divisor of k and 24.
12
Let p(v) = -v**2 + 2*v + 2. Let x be p(2). Let c be (-3)/3 - -3*2. Calculate the highest common divisor of c and x.
1
Let o = -103 + 163. Suppose -5*l = -5*z + o + 45, 0 = -2*z - 2*l + 46. Calculate the greatest common factor of 55 and z.
11
Suppose -f + 2*f = 2. Suppose 2*s + 5*g - 4*g - 248 = 0, -g = -f*s + 256. Calculate the greatest common divisor of 14 and s.
14
Let n = 0 - -1. Let l = -49 + 53. Calculate the highest common factor of n and l.
1
Let t(n) = n + 1. Let y be t(-18). Let b = y + 29. Suppose q = 4*q - 36. What is the greatest common divisor of q and b?
12
Suppose -c - 4*c = 0. Suppose -4*b + 19 + 17 = c. What is the greatest common divisor of b and 9?
9
Let s(v) = 2*v**2 - 3. Let z be s(5). Let r = 67 - z. Let h(k) = 5*k - 11. Let b be h(3). Calculate the greatest common factor of b and r.
4
Let d(v) = v + 13. Let n be d(-9). Let g = -15 + 43. Suppose -2*r + 3*r - 20 = -n*l, -2*r + g = 5*l. Calculate the greatest common divisor of l and 44.
4
Suppose -2*h + 7*h = 45. Suppose 0*a + a = h. What is the highest common divisor of 18 and a?
9
Suppose -119 = -5*k + 2*b, -123 = -4*k - k + 4*b. Calculate the greatest common factor of 23 and k.
23
Let b be (7/(-4))/(2/(-24)). What is the highest common factor of b and 3?
3
Let a(l) = 5*l - 5. Let v be a(4). Let d be 2 - -2*(-1 - 0). Suppose -q = y - 10, -35 = -5*y - d*y - 2*q. Calculate the highest common factor of v and y.
5
Let v be 0 + 2 - (-9 - -33). Let k = v + 39. Let u = k - -5. What is the greatest common divisor of u and 55?
11
Suppose -14*x = -4*x - 30. Let j be 30/(-8)*(-5 - -1). Calculate the greatest common factor of x and j.
3
Suppose -3*c = t - 3*t - 29, c + 3*t = 17. What is the highest common divisor of 44 and c?
11
Suppose 5*i - h - h = 69, -3*h = -i + 6. What is the highest common divisor of 135 and i?
15
Let j be 3*(-3)/((-2)/2). Let h(v) = -v**3 - 17*v**2 - 18*v + 13. Let s be h(-16). What is the highest common divisor of j and s?
9
Let t(g) = 10*g**2 - 2*g - 4. Let o be t(3). Let n be (-2)/(-9) - 284/(-18). Calculate the highest common factor of o and n.
16
Let f be 2/3 + (-1360)/15. Let b be 9/(f/32 - -3). Suppose 0 = 3*v - s - 101, -2*v = -5*v - 4*s + 76. What is the greatest common divisor of v and b?
16
Let r = -24 - -73. What is the greatest common factor of 7 and r?
7
Let g(w) = w**2 - 1. Let t be g(2). What is the greatest common factor of t and 3?
3
Let p = 5 - 3. Let g be (-14)/4*(-44)/7. Calculate the highest common factor of g and p.
2
Suppose 0 = -5*z + 250 + 150. Suppose 14*d = 270 - 130. What is the greatest common divisor of z and d?
10
Let j(t) = -t**3 - 6*t**2 + t + 3. Let n be j(-4). Let x be (-84)/(-22) - 6/n. Suppose x*r - 36 = -0. Calculate the highest common divisor of r and 9.
9
Let v = 25 - 10. Calculate the highest common factor of 5 and v.
5
Let p(z) = -5*z**3 + z**2 + z + 3. Let h be p(2). Let d = h - -59. What is the greatest common divisor of 14 and d?
14
Suppose 3*x + 14 = 4*x. Let j be (x/(-4))/((-3)/12). Let t = j - 9. Calculate the greatest common factor of t and 1.
1
Let n(g) = 9*g + 11. Let w be n(9). Suppose 3*h + p - w = 0, 0 = h - 3*h - 5*p + 44. Calculate the highest common divisor of 8 and h.
8
Let y = -352 - -358. Suppose 2*w + 2*w = 120. Calculate the greatest common divisor of w and y.
6
Suppose -5*b = -20, -2*c + 224 = 2*c - 4*b. Calculate the greatest common factor of c and 12.
12
Let l = 211 + -209. Suppose 6 + 10 = 2*f. Calculate the greatest common divisor of f and l.
2
Let w be 6*(-6)/234 - (-782)/13. Calculate the highest common factor of w and 20.
20
Suppose 8*k = 5*k + 84. What is the highest common factor of k and 21?
7
Let y = -82 - -148. What is the highest common factor of 11 and y?
11
Suppose -4*l - 2*z = -0 - 132, 0 = z. Calculate the highest common divisor of l and 3.
3
Let a(k) = 3*k - 6. Let f be a(3). Calculate the greatest common factor of 2 and f.
1
Suppose 15 = 5*l + 5*u - 15, 42 = 2*l - 4*u. Calculate the highest common divisor of l and 11.
11
Suppose 90 = -6*f + 702. Calculate the greatest common divisor of f and 153.
51
Let l = 51 + -19. What is the highest common divisor of 64 and l?
32
Let q = 2 - 8. Let z be 672/36*q/(-4). Calculate the highest common factor of 7 and z.
7
Let c(b) = -45*b - 1. Let y be c(-2). Let d = y - 58. Calculate the highest common factor of 248 and d.
31
Suppose n - 122 = -2*z, 5*n + 115 = 3*z - 94. Suppose k - 5*k - 52 = 0. Let c = 20 + k. What is the highest common factor of c and z?
7
Let z be 2/(-8) - 530/(-8). Calculate the highest common factor of z and 6.
6
Let c = 137 + -110. Let f be (-1)/2 - (-109)/2. Calculate the greatest common factor of f and c.
27
Suppose 392 = 5*t - 8. What is the greatest common divisor of 20 and t?
20
Let k(q) = -q + 5. Let w(x) = x**2 + x + 2. Let b be w(-2). Let l be k(b). Let i be 13/l + -1 + 0. What is the greatest common divisor of 36 and i?
12
Let z(r) = -r**2 - 3*r - 8. Let w be z(-8). Let y = 12 - w. Let i(s) = -s**3 - 3*s**2 + 4*s - 6. Let a be i(-5). What is the greatest common factor of y a